
-2
Let d(r) = r**3 - 6*r**2 + 7515*r - 45089. Calculate d(6).
1
Let p(q) = 507136*q + 7607048. Calculate p(-15).
8
Let z(l) = -14*l**3 + 394*l**2 + 2561*l - 73269. What is z(28)?
7
Let x(i) = -453*i + 24106. Calculate x(53).
97
Let q(m) = 6*m**2 - 4286*m + 392889. What is q(108)?
-15
Let n(x) = 33*x**3 - 13*x**2 - 23*x - 37. Determine n(-5).
-4372
Let p(a) = 184*a**2 - 391*a + 41. What is p(2)?
-5
Let h(q) = -q**2 + 689*q + 37768. Determine h(-51).
28
Let x(h) = -3090*h - 18566. Determine x(-6).
-26
Let o(y) = -y**3 - 344*y**2 + 861*y + 58435. What is o(-346)?
-39
Let c(d) = -55*d**2 - 6224*d + 12448. Determine c(2).
-220
Let s(t) = -21*t**2 + 735*t + 2400. Determine s(38).
6
Let g(q) = q**3 + 94*q**2 - 255*q + 23709. What is g(-99)?
-51
Let q(g) = -1555*g - 12263. What is q(-10)?
3287
Let a(o) = o**3 - 109*o**2 + 756*o + 392. Determine a(8).
-24
Let o(i) = -7457375*i - 29829493. What is o(-4)?
7
Let r(h) = h**3 - 5111*h**2 + 20414*h + 55. Calculate r(4).
-1
Let x(y) = -2*y**3 + 38*y**2 - 131*y + 162. What is x(15)?
-3
Let b(a) = -106*a - 8299. Calculate b(-73).
-561
Let f(j) = -7*j**2 + 30*j + 125. Calculate f(18).
-1603
Let r(t) = 19*t**3 + 2*t**2 + 208*t - 970. Give r(5).
2495
Let q(f) = 31563*f - 252584. What is q(8)?
-80
Let k(o) = -6*o**3 - 41821*o**2 + 41847*o - 26. Determine k(1).
-6
Let a(y) = 1452*y - 11696. Give a(8).
-80
Let u(o) = -4*o**2 + 111*o + 2854. What is u(44)?
-6
Let c(s) = -5523*s + 182218. What is c(33)?
-41
Let w(c) = 75365*c - 904334. Determine w(12).
46
Let l(t) = -83*t - 2463. Determine l(-38).
691
Let b(x) = -444*x + 23587. What is b(55)?
-833
Let j(q) = -2*q**3 - 25*q**2 - 116*q - 41. Determine j(-6).
187
Let p(w) = 6553*w + 8866218. Calculate p(-1353).
9
Let b(c) = c**2 - 123*c - 377. Determine b(22).
-2599
Let n(m) = -m**3 + 87*m**2 - 383*m + 4321. Calculate n(83).
88
Let r(f) = 117*f - 131. Calculate r(-15).
-1886
Let i(l) = -l**3 - 51*l**2 - 388*l + 80. What is i(-42)?
500
Let d(m) = -2*m**3 + 76*m**2 + 356*m - 87. Give d(42).
753
Let p(t) = -60*t**2 - 118*t - 597. Determine p(-5).
-1507
Let a(o) = -2154*o**2 + 25853*o - 55. What is a(12)?
5
Let q(x) = -60*x**2 + 945*x - 2831. Determine q(4).
-11
Let p(w) = 431*w + 45691. What is p(-106)?
5
Let y(h) = -15*h**3 + 1397*h**2 - 185*h + 177. Give y(93).
270
Let o(k) = 11*k**3 - 63*k**2 - 50*k + 452. What is o(5)?
2
Let v(g) = -1338*g**3 - 5*g**2 + 9*g - 5. What is v(1)?
-1339
Let f(k) = 5*k**3 + 17*k**2 - 94797*k + 674. Give f(136).
-6
Let b(v) = 398*v - 7147. Give b(18).
17
Let z(f) = 1368*f + 1105369. Give z(-808).
25
Let p(r) = -71*r**3 - 931*r**2 + 958*r - 28. Determine p(1).
-72
Let x(c) = 206*c - 2290. Calculate x(9).
-436
Let n(d) = 4817*d + 318130. Give n(-66).
208
Let o(d) = -54*d**2 + 1869*d - 1123. Determine o(34).
-1
Let a(g) = 78*g - 340. Give a(-10).
-1120
Let d(y) = -25*y**2 + 309*y + 120. Calculate d(22).
-5182
Let t(x) = 239*x**2 + 575*x - 1476. Give t(-4).
48
Let n(x) = -1868*x + 18711. Determine n(10).
31
Let z(d) = -4*d**2 + 321*d - 4985. Determine z(21).
-8
Let j(n) = n**3 - 2*n**2 - 490*n + 128. Calculate j(23).
-33
Let n(v) = -6*v**3 - 319*v**2 - 70*v - 788. Determine n(-53).
113
Let g(s) = -15*s**3 - 105*s**2 - 31*s - 220. Calculate g(-7).
-3
Let p(b) = -8*b**3 + 135*b**2 + 733*b - 12175. Give p(17).
-3
Let y(f) = 212*f - 9860. What is y(41)?
-1168
Let t(z) = -27*z**2 + 2476*z + 3259. What is t(93)?
4
Let a(b) = -118*b**2 + 6468*b + 1207. Determine a(55).
-3
Let n(w) = -25157*w + 9484189. What is n(377)?
0
Let d(k) = -2*k**2 + 69*k + 1389. What is d(55)?
-866
Let c(v) = -10*v**2 + 418*v. Give c(43).
-516
Let l(g) = 173*g + 4005. What is l(-25)?
-320
Let d(l) = l**3 - 104*l**2 + 761*l - 79152. Give d(104).
-8
Let z(q) = 1077*q**2 - 8607*q - 67. What is z(8)?
5
Let c(o) = 2*o**3 + 691*o**2 - 387*o - 14145. Calculate c(-346).
41
Let z(l) = -l**3 - 19*l**2 + 605*l - 22. What is z(-36)?
230
Let u(r) = -r**2 - 345184*r - 6558139. Calculate u(-19).
-4
Let w(n) = -n**3 + 12*n**2 + 80*n - 759. Determine w(11).
242
Let d(z) = 6*z**3 - 141*z**2 + 145*z - 3. Calculate d(1).
7
Let l(c) = 138326*c + 10. Calculate l(0).
10
Let f(d) = -d**3 - 20*d**2 + 1391*d - 10177. Determine f(9).
-7
Let v(c) = c**2 + 861*c + 155923. Determine v(-259).
5
Let v(c) = 2843*c - 417895. Determine v(147).
26
Let b(g) = -2959*g - 875857. Give b(-296).
7
Let k(o) = -2*o**3 + o**2 + 358*o - 1088. Give k(3).
-59
Let o(k) = -6*k**2 - 460*k - 8829. What is o(-39)?
-15
Let q(x) = 15739*x + 346254. What is q(-22)?
-4
Let j(f) = 213*f**2 - 16608*f - 395. Calculate j(78).
73
Let m(l) = -l**2 + 119897*l - 959104. Calculate m(8).
8
Let j(x) = -2*x**3 + 1464*x**2 + 1106*x + 263877. Calculate j(733).
-3
Let g(t) = 21*t + 3281. Calculate g(-156).
5
Let t(h) = -37*h - 2297. What is t(-72)?
367
Let y(p) = p**2 + 1016*p + 4059. Determine y(-4).
11
Let u(k) = -k**2 + 1648*k + 48642. Determine u(-29).
9
Let f(v) = 16*v**3 + 7*v**2 + 52*v - 18. What is f(-5)?
-2103
Let t(o) = -170*o**2 - 1545*o + 1. What is t(-9)?
136
Let d(j) = 842671*j - 27808142. Calculate d(33).
1
Let h(n) = -8*n**3 + 27*n**2 + 17*n - 69. What is h(4)?
-81
Let n(k) = -22*k**2 - 11061*k - 65572. Give n(-6).
2
Let h(j) = -2*j**3 - 76*j**2 + 181*j + 3970. Calculate h(-39).
-47
Let g(k) = -k**2 - 132*k + 5746. Calculate g(-169).
-507
Let a(s) = -s**2 + 11205*s - 446421. What is a(40)?
179
Let c(x) = -199*x**2 - 79*x - 46. Calculate c(1).
-324
Let y(p) = -1825*p + 19812. What is y(10)?
1562
Let t(b) = 4*b**3 - 107*b**2 - 77*b + 1211. Calculate t(27).
-139
Let q(x) = x**3 - 4*x**2 + 553*x - 3333. What is q(6)?
57
Let j(q) = 10064*q + 42576. What is j(-4)?
2320
Let t(x) = -1237*x + 2206. Determine t(2).
-268
Let g(z) = -z**2 - 2024*z + 476415. What is g(213)?
-66
Let l(h) = -10*h**2 - 1161*h - 110. What is l(-116)?
6
Let y(k) = -7*k**2 + 417*k - 3971. What is y(10)?
-501
Let n(i) = 11*i**3 + 453*i**2 + 911*i + 2. Give n(-2).
-96
Let p(l) = -8*l**3 + 30*l**2 - 32*l + 7. Calculate p(2).
-1
Let j(x) = -x**3 + 31*x**2 + 43*x + 831. Give j(33).
72
Let v(y) = -49*y**3 + 278*y**2 + 41*y + 273. What is v(6)?
-57
Let a(q) = 878617*q + 5271708. What is a(-6)?
6
Let l(r) = -5*r**2 - 7043*r + 35288. What is l(5)?
-52
Let k(w) = 19*w - 1258. What is k(55)?
-213
Let h(u) = -u**3 + 34*u**2 - 515*u + 49084. What is h(46)?
2
Let g(o) = o**2 + 1170*o - 193594. Determine g(147).
5
Let t(a) = -4*a**3 + 42*a**2 - 160*a + 949. What is t(9)?
-5
Let q(t) = 387*t - 17273. Give q(45).
142
Let y(z) = -17756*z - 91048. Give y(-5).
-2268
Let b(s) = 9427*s + 75373. Calculate b(-8).
-43
Let a(p) = 4*p**3 + 138*p**2 + 22*p + 359. Give a(-35).
-2861
Let j(d) = d**3 + 7*d**2 - 494*d - 322. Determine j(19).
-322
Let f(m) = -218*m - 5108. What is f(-24)?
124
Let s(n) = n**3 - 1170*n**2 - 4661*n - 41067. Give s(1174).
23
Let s(c) = c**2 - 884*c + 7966. Give s(9).
91
Let p(k) = 83*k**2 + 18*k - 422. What is p(5)?
1743
Let s(p) = 2841*p + 73930. Calculate s(-26).
64
Let h(c) = -421*c**2 + 2141*c + 2313. Give h(6).
3
Let a(b) = 2*b**2 + 252*b + 2677. Give a(-115).
147
Let y(j) = -j**3 + 62*j**2 + 27*j + 2560. Determine y(63).
292
Let y(c) = -85*c**2 - 957*c - 238. Give y(-11).
4
Let s(x) = -8*x**3 - 20*x**2 + 203*x - 21. Calculate s(4).
-41
Let b(l) = 31*l**3 + 156*l**2 - 445*l - 39. What is b(3)?
867
Let f(r) = 5179*r - 58037. Give f(11).
-1068
Let f(w) = -401*w + 1206. Give f(3).
3
Let y(z) = -12*z**3 - 29*z**2 - 18*z + 13. Give y(-1).
14
Let f(o) = o**3 + 112*o**2 + 374*o - 6263. Determine f(-108).
1
Let a(v) = -13287*v + 55924. Give a(4).
2776
Let m(t) = 8*t**2 - 10163*t + 10162. Calculate m(1).
7
Let u(p) = -1819645*p - 3639299. Determine u(-2).
-9
Let o(h) = 5*h**2 - 11*h + 290. Give o(-9).
794
Let t(v) = -2*v**2 + 17081*v - 1202672. Determine t(71).
-3
Let p(j) = 1058536*j + 11643882. Give p(-11).
-14
Let k(u) = 1649*u + 34616. What is k(-21)?
-13
Let f(h) = -83*h + 717. Give f(4).
385
Let r(q) = -3328*q - 342771. Calculate r(-103).
13
Let f(w) = -19664*w + 78496. Determine f(4).
-160
Let l(x) = -2645*x + 31738. Give l(12).
-2
Let s(x) = x**3 - 39*x**2 + 374*x + 200. What is s(22)?
200
Let f(b) = 31*b**2 - 725*b + 18. What is f(16)?
-3646
Let h(s) = -3*s**3 - 3244*s**2 - 44821*s + 92. Calculate h(-14).
-6
Let d(j) = -5*j**3 + 3*j**2 - 3333*j - 9989. What is d(